{"version":"1.0","provider_name":"Theegg","provider_url":"https:\/\/theeggbrussels.com\/fr\/","title":"10e Conf\u00e9rence Annuelle Mondiale sur l\u2019Efficacit\u00e9 \u00c9nerg\u00e9tique! - Theegg","type":"rich","width":600,"height":338,"html":"<blockquote class=\"wp-embedded-content\" data-secret=\"24oLiEGOAM\"><a href=\"https:\/\/theeggbrussels.com\/fr\/10e-conference-annuelle-mondiale-sur-lefficacite-energetique\/\">10e Conf\u00e9rence Annuelle Mondiale sur l\u2019Efficacit\u00e9 \u00c9nerg\u00e9tique!<\/a><\/blockquote><iframe sandbox=\"allow-scripts\" security=\"restricted\" src=\"https:\/\/theeggbrussels.com\/fr\/10e-conference-annuelle-mondiale-sur-lefficacite-energetique\/embed\/#?secret=24oLiEGOAM\" width=\"600\" height=\"338\" title=\"\u00ab\u00a010e Conf\u00e9rence Annuelle Mondiale sur l\u2019Efficacit\u00e9 \u00c9nerg\u00e9tique!\u00a0\u00bb &#8212; Theegg\" data-secret=\"24oLiEGOAM\" frameborder=\"0\" marginwidth=\"0\" marginheight=\"0\" scrolling=\"no\" class=\"wp-embedded-content\"><\/iframe><script type=\"text\/javascript\">\n\/* <![CDATA[ *\/\n\/*! This file is auto-generated *\/\n!function(d,l){\"use strict\";l.querySelector&&d.addEventListener&&\"undefined\"!=typeof URL&&(d.wp=d.wp||{},d.wp.receiveEmbedMessage||(d.wp.receiveEmbedMessage=function(e){var t=e.data;if((t||t.secret||t.message||t.value)&&!\/[^a-zA-Z0-9]\/.test(t.secret)){for(var s,r,n,a=l.querySelectorAll('iframe[data-secret=\"'+t.secret+'\"]'),o=l.querySelectorAll('blockquote[data-secret=\"'+t.secret+'\"]'),c=new RegExp(\"^https?:$\",\"i\"),i=0;i<o.length;i++)o[i].style.display=\"none\";for(i=0;i<a.length;i++)s=a[i],e.source===s.contentWindow&&(s.removeAttribute(\"style\"),\"height\"===t.message?(1e3<(r=parseInt(t.value,10))?r=1e3:~~r<200&&(r=200),s.height=r):\"link\"===t.message&&(r=new URL(s.getAttribute(\"src\")),n=new URL(t.value),c.test(n.protocol))&&n.host===r.host&&l.activeElement===s&&(d.top.location.href=t.value))}},d.addEventListener(\"message\",d.wp.receiveEmbedMessage,!1),l.addEventListener(\"DOMContentLoaded\",function(){for(var e,t,s=l.querySelectorAll(\"iframe.wp-embedded-content\"),r=0;r<s.length;r++)(t=(e=s[r]).getAttribute(\"data-secret\"))||(t=Math.random().toString(36).substring(2,12),e.src+=\"#?secret=\"+t,e.setAttribute(\"data-secret\",t)),e.contentWindow.postMessage({message:\"ready\",secret:t},\"*\")},!1)))}(window,document);\n\/\/# sourceURL=https:\/\/theeggbrussels.com\/wp-includes\/js\/wp-embed.min.js\n\/* ]]> *\/\n<\/script>\n","thumbnail_url":"https:\/\/theeggbrussels.com\/wp-content\/uploads\/2025\/09\/Article-2-EGG-IAE-1.webp","thumbnail_width":1600,"thumbnail_height":1056,"description":"La conf\u00e9rence de l\u2019AIE s\u2019est tenue \u00e0 The EGG Brussels les 12 et 13 juin 2025, coorganis\u00e9e par le Directeur ex\u00e9cutif de l\u2019AIE, le Dr Fatih Birol, et le Commissaire europ\u00e9en Dan J\u00f8rgensen. Cet \u00e9v\u00e9nement phare a marqu\u00e9 un moment d\u00e9cisif dans l\u2019action climatique mondiale, avec pour objectif de doubler le rythme des progr\u00e8s en"}

10e Conférence Annuelle Mondiale sur l’Efficacité Énergétique! - Theegg

<blockquote class="wp-embedded-content" data-secret="24oLiEGOAM"><a href="https://theeggbrussels.com/fr/10e-conference-annuelle-mondiale-sur-lefficacite-energetique/">10e Conférence Annuelle Mondiale sur l’Efficacité Énergétique!</a></blockquote><iframe sandbox="allow-scripts" security="restricted" src="https://theeggbrussels.com/fr/10e-conference-annuelle-mondiale-sur-lefficacite-energetique/embed/#?secret=24oLiEGOAM" width="600" height="338" title="« 10e Conférence Annuelle Mondiale sur l’Efficacité Énergétique! » &#8212; Theegg" data-secret="24oLiEGOAM" frameborder="0" marginwidth="0" marginheight="0" scrolling="no" class="wp-embedded-content"></iframe><script type="text/javascript">
/* <![CDATA[ */
/*! This file is auto-generated */
!function(d,l){"use strict";l.querySelector&&d.addEventListener&&"undefined"!=typeof URL&&(d.wp=d.wp||{},d.wp.receiveEmbedMessage||(d.wp.receiveEmbedMessage=function(e){var t=e.data;if((t||t.secret||t.message||t.value)&&!/[^a-zA-Z0-9]/.test(t.secret)){for(var s,r,n,a=l.querySelectorAll('iframe[data-secret="'+t.secret+'"]'),o=l.querySelectorAll('blockquote[data-secret="'+t.secret+'"]'),c=new RegExp("^https?:$","i"),i=0;i<o.length;i++)o[i].style.display="none";for(i=0;i<a.length;i++)s=a[i],e.source===s.contentWindow&&(s.removeAttribute("style"),"height"===t.message?(1e3<(r=parseInt(t.value,10))?r=1e3:~~r<200&&(r=200),s.height=r):"link"===t.message&&(r=new URL(s.getAttribute("src")),n=new URL(t.value),c.test(n.protocol))&&n.host===r.host&&l.activeElement===s&&(d.top.location.href=t.value))}},d.addEventListener("message",d.wp.receiveEmbedMessage,!1),l.addEventListener("DOMContentLoaded",function(){for(var e,t,s=l.querySelectorAll("iframe.wp-embedded-content"),r=0;r<s.length;r++)(t=(e=s[r]).getAttribute("data-secret"))||(t=Math.random().toString(36).substring(2,12),e.src+="#?secret="+t,e.setAttribute("data-secret",t)),e.contentWindow.postMessage({message:"ready",secret:t},"*")},!1)))}(window,document);
//# sourceURL=https://theeggbrussels.com/wp-includes/js/wp-embed.min.js
/* ]]> */
</script>

La conférence de l’AIE s’est tenue à The EGG Brussels les 12 et 13 juin 2025, coorganisée par le Directeur exécutif de l’AIE, le Dr Fatih Birol, et le Commissaire européen Dan Jørgensen. Cet événement phare a marqué un moment décisif dans l’action climatique mondiale, avec pour objectif de doubler le rythme des progrès en
